What is the greatest common factor of f and 10?
10
Let v(p) = -p**3 + 2*p**2 - 3*p + 2. Let h be v(2). Let k = h + 11. Suppose 54 = s - 2. Calculate the greatest common factor of k and s.
7
Suppose 4*w - 2*q + 2 = 0, w + 4*q + 2 = 6. Suppose w = -h - y + 2, y = 3*h - 0*h - 2. Suppose 4*p - 20 = -p. Calculate the greatest common factor of p and h.
1
Suppose f + 5*o - 13 = 0, 4*f - 5*o + 0*o = 27. Suppose 4*m + 32 = f*m. Calculate the highest common factor of 24 and m.
8
Suppose 5*b - 1 = 14. Suppose 0 = 3*z - z + 5*o - 175, -b*o + 89 = z. What is the highest common factor of 10 and z?
10
Let k = 1 + 10. Calculate the greatest common divisor of 44 and k.
11
Let c be -6*1/(6/(-8)) + 3. Calculate the greatest common factor of 33 and c.
11
Let t = 32 - 25. Calculate the greatest common divisor of t and 56.
7
Suppose -t - 14 + 38 = 0. What is the highest common factor of 36 and t?
12
Suppose -4*q - l - 15 = 0, 2*l + 13 = -3*q + 3. Let j = q - -24. Calculate the highest common divisor of 160 and j.
20
Suppose 0 = q - 2 - 1, 3*f = -5*q + 24. Let n(o) = -o**2 + o + 15. Let w be n(0). What is the greatest common factor of w and f?
3
Suppose 5*k - k - 56 = 0. What is the highest common factor of 14 and k?
14
Let p be 1000/36 + 4/18. Suppose -p - 8 = -2*o. Calculate the greatest common divisor of o and 18.
18
Suppose 28 + 16 = 2*g. Calculate the highest common divisor of g and 55.
11
Suppose -6*g + 4*n + 12 = -4*g, -5*g + 2*n = -22. Suppose 2*c = -5*q + 50, g*q = q - 5*c + 11. Calculate the highest common divisor of 60 and q.
12
Let y(l) be the first derivative of -l**3/3 - 3*l**2 + 8*l + 4. Let q be y(-6). What is the highest common divisor of q and 56?
8
Let d = 5 + -1. Let o be (-53)/(-5) - d/(-10). Calculate the greatest common divisor of 22 and o.
11
Let s(w) = w + 5. Let z be s(-3). Suppose -o - 1 = 0, 6 = 3*l - z*o - 11. Calculate the highest common divisor of l and 20.
5
Let r(d) = 15*d + 2. Let a(b) = b - 1. Let k(j) = -4*a(j) + r(j). Let x be k(9). Suppose -2*s = 3*s - x. What is the greatest common factor of 14 and s?
7
Let i be (-43)/(-6) + 5/(-30). Suppose -8 = -z + i. What is the greatest common factor of 15 and z?
15
Suppose -3*n - v - 15 = 2*v, -4*n - 3*v - 22 = 0. Let k = 9 + n. What is the greatest common divisor of k and 2?
2
Let n be 4 - 4 - (1 + -4). Suppose y + 2 + 1 = 0. Let i be 1*y/(2/(-2)). What is the greatest common factor of n and i?
3
Let m be 6/((-5)/(5/(-2))). Let c be -3*(m/(-9))/1. Let b be c*6/(-3)*-3. Calculate the highest common factor of b and 9.
3
Let p(u) = 14*u**2 + 10*u + 12. Let f be p(-3). What is the highest common factor of f and 12?
12
Suppose 48 = d + 5*a, 0*a - 4*a - 40 = -2*d. What is the highest common factor of d and 70?
14
Let z be 6/(-15) + 332/5. Suppose -9*v + 4*v = -30. What is the greatest common factor of v and z?
6
Let y be 6/(-10) + 2436/35. Suppose 3*f - 177 = -5*z, -f = -0*f + 5*z - y. What is the greatest common factor of f and 18?
18
Let q be 2/(-8) - 81/(-4). Suppose -i - 2*i + 12 = 0. Let s be 18 - (-2)/i*4. Calculate the greatest common factor of q and s.
20
Let j(k) = 4*k + 1. Let x = 6 + -4. Let w be j(x). Suppose -i + 792 = 10*i. Calculate the greatest common factor of w and i.
9
Let g be 0/(-7) + 13*-1. Let u(y) = -y**3 - 14*y**2 - 14*y - 3. Let a be u(g). Calculate the highest common factor of 50 and a.
10
Suppose 4*y - y - 5*n = 76, -y - 4*n - 3 = 0. Let k be (-2)/4 - 140/16*-2. What is the greatest common divisor of y and k?
17
Let n(o) = 4*o**2 + 3*o + 6. Let u be n(-6). Suppose -6*y = -3*y - u. Let i = -1 + 12. What is the highest common divisor of y and i?
11
Let k(o) = 2*o**2 - 40*o + 12. Let f be k(21). What is the greatest common divisor of 594 and f?
54
Let n = 2 - 4. Let a(z) = 95*z + 2. Let u be a(n). Let g be (-2)/(-6) - u/3. Calculate the highest common factor of g and 7.
7
Let n(y) = y**3 + 4*y**2 - 6 + 1 + y**2 + 2 - 7*y. Let u be n(-6). Suppose -u*h + 217 = -35. Calculate the highest common factor of h and 12.
12
Suppose 0 = -3*r + 2 + 4. Suppose 15 = 3*x - r*x. What is the greatest common factor of 165 and x?
15
Suppose 4*k - 510 = k. Suppose p - k = -4*p. Calculate the highest common divisor of 17 and p.
17
Let w be (-4)/(-3)*1176/16*1. Let o(k) = -k**3 - 4*k**2 - 2*k - 1. Let q be o(-3). Let j be (7/q)/(3/(-24)). What is the highest common divisor of w and j?
14
Let x be (-6)/(-18) + 10/(-3). Let f(r) = 2*r**2 + 5*r + 4. Let g be f(x). Calculate the highest common factor of 7 and g.
7
Let d be ((-12)/5)/(1/(-10)). Let o be (-1*8)/(4/(-8)). What is the highest common factor of o and d?
8
Let v be (3/(-6))/(1/(-6)). Suppose -n - v*n = -60. What is the highest common divisor of n and 75?
15
Let z(v) = 41*v - 1. Let b be z(2). Suppose b = 2*q + q. What is the greatest common divisor of 18 and q?
9
Suppose 3*a = -a + 16. Suppose 20 = 8*t - a*t. Suppose -4*p - t*x + 61 = 0, 5*p - x - 74 = -5*x. What is the greatest common divisor of p and 42?
14
Let b(d) = -d**2 - 10*d + 1. Let m be (-3)/(3/(-2)) - -14. Suppose 4*n = -20 - m. Let a be b(n). Calculate the greatest common divisor of a and 80.
10
Suppose -16 = -4*v - 4. Let l = -14 + 20. Let q be l/(-9) - (-202)/6. Calculate the greatest common factor of v and q.
3
Suppose 2*n = 7*n - 5*j - 20, -3*n = 3*j - 24. What is the highest common divisor of 6 and n?
6
Suppose 4*u - 63 = -15. Calculate the greatest common factor of 84 and u.
12
Let a be 4 + (3 - 0)/3. Let h be 4/(-2) + 19*3. Calculate the greatest common factor of h and a.
5
Let k(i) = -i**2 - 4*i + 3. Let f be k(-4). Suppose -3*z = 3*h + z - 161, -f*h + 4*z = -169. Let t = 15 - 10. Calculate the greatest common divisor of h and t.
5
Let p = 8 + -2. Suppose -8 = 2*t - p*t. Suppose 84 = t*q - 0*q. What is the highest common factor of 14 and q?
14
Let x be ((-55)/(-4))/5*4. Let i be 4/5*(-20)/(-8). Let z = i - 1. What is the highest common factor of z and x?
1
Let t be 3 + -5 + 3 + 0. Let z = -2 - -3. Calculate the highest common factor of t and z.
1
Let u(b) = b + 13. Let o be u(-9). Let m be (8/(-5))/(o/(-10)). Suppose -d - m*d = -55. Calculate the greatest common divisor of 121 and d.
11
Let r(h) = -4*h + 8. Let b be r(-4). What is the greatest common divisor of 3 and b?
3
Suppose 0 = -3*h - h + 8. Suppose -h = -v - v. Suppose -7*u + 11*u - 32 = 0. What is the highest common factor of u and v?
1
Suppose 0 = 5*f - 0*f - 700. Suppose -2*z - 160 = -x, -310 - f = -3*x - 4*z. Calculate the highest common divisor of 14 and x.
14
Let p(w) = -22*w**3 + w + 1. Let z be p(-1). What is the highest common divisor of z and 110?
22
Let x be 2/(-9) + 74/9. Let r = x + 28. Calculate the greatest common factor of 24 and r.
12
Let f(b) = 2*b**2 + 2*b - 2. Let p be f(-3). What is the highest common divisor of p and 4?
2
Let s = 8 - -4. Calculate the greatest common factor of s and 48.
12
Let r = 8 + 5. What is the highest common factor of 52 and r?
13
Suppose 2 = f - 8. Let a = -84 - -256. Suppose 3*b - 5*z = 135, -6*b + 2*b + a = -4*z. What is the highest common divisor of f and b?
10
Suppose 3*f - 332 = 2*r, -560 = -5*f - 0*f + 5*r. Calculate the highest common divisor of 36 and f.
36
Suppose 0 = 3*g - 5*d + 14, g + 10 + 0 = 3*d. Calculate the greatest common divisor of 6 and g.
2
Let k be -2 + (-60)/(-6)*4. What is the greatest common divisor of 95 and k?
19
Suppose l + 11 = -f, 5*f + 0*f - 8 = 2*l. Let p be 2 + -4 - (l - -1). Let b = p - -5. Calculate the greatest common divisor of b and 44.
11
Let a = -2 + 10. Let v = 5 + -4. Calculate the greatest common factor of v and a.
1
Let z be 2/(-9) + (-8)/(-36). Let p = 10 - z. Suppose 0 = b - 1 - p. What is the greatest common divisor of b and 11?
11
Suppose -h = 3*o - 48, -h - 48 = -3*o + h. Let z(y) = -y**3 + 10*y**2 - 9*y + 7. Let k be z(9). Let q = o - k. What is the highest common factor of 18 and q?
9
Let b = -86 + 122. Calculate the highest common factor of 36 and b.
36
Suppose -s + 8 = -4*n, 0*s - 8 = 2*s + 4*n. Suppose s = 5*k - 99 - 26. What is the greatest common divisor of 125 and k?
25
Suppose u - 40 = -0*u. What is the greatest common factor of u and 100?
20
Suppose -o - 2*w + 164 = 0, -3*o + 6*o = -w + 482. Calculate the greatest common divisor of 16 and o.
16
Suppose 0 = -2*l - 5*w - 9, 0*l + 3*l - 3*w = 18. Suppos